e greatest common divisor of 15 and s.
15
Let g = 107 - 12. Calculate the greatest common factor of g and 19.
19
Let y be ((-24)/(-28))/((-3)/42). Let s = -4 - y. Calculate the highest common factor of 72 and s.
8
Let q be 0/(-1)*2/(-4). Let l be 2/((-1)/(1 + q)). Let d be ((-21)/l)/(1/8). Calculate the greatest common divisor of 12 and d.
12
Suppose -v = 1, 0 = -d - 0*v + v + 33. What is the highest common factor of d and 8?
8
Let p be (-60)/14*28/(-6). Suppose -3*c = g - 70, 0 = -0*g - 5*g + p. Suppose -2*o + 2 + 2 = 0. What is the greatest common factor of c and o?
2
Let c(n) = n + 3. Let j(p) = 5*p + 19. Let y(g) = -39*c(g) + 6*j(g). Let w be y(-3). Calculate the highest common divisor of 8 and w.
8
Let q be ((-2)/(-3))/(3/99). Suppose 4*h + 519 - 607 = 0. What is the highest common factor of h and q?
22
Let g = -8 - -12. Suppose -2*n - 2 + 4 = 0, 0 = -g*q + n + 659. Calculate the greatest common factor of 15 and q.
15
Let i(o) = -o**2 + 6*o - 8. Let x be i(4). Suppose 0 = -5*d - 3*w + 185, 3*d + x*w = 3*w + 135. What is the greatest common divisor of 16 and d?
8
Let w(s) = -s**3 - 11*s**2 + 2. Let i be w(-11). What is the highest common factor of i and 1?
1
Suppose 3*i + 27 = 6*i. Calculate the highest common divisor of 18 and i.
9
Let l = 669 + -336. Calculate the greatest common factor of l and 37.
37
Let s(n) = 5*n**2 + n - 4. Let u be s(5). Suppose 3*m = 0, j - 7 = 4*m + 23. Let r = j - 16. What is the greatest common divisor of u and r?
14
Suppose -r = 5*x + 80, 2*r - 2*x + 165 - 53 = 0. Let g be (-2)/1*r/3. Calculate the greatest common divisor of g and 8.
8
Suppose 0 = 5*f - 35 + 95. Let a be 32/f*9/(-2). What is the greatest common divisor of 3 and a?
3
Let a be (-1 - -2)/(1/96). Let l(u) = 7*u + 2. Let v be l(2). Calculate the highest common divisor of a and v.
16
Let q(p) = 4*p**2 - 3*p. Let c be q(2). What is the highest common factor of c and 80?
10
Let m(w) = 3*w**2 + 9*w + 9. Let q be m(-3). What is the highest common factor of q and 1?
1
Let c be (1 - 5)/2*-2. Suppose 12 = -a - 3*a. Let p be ((-6)/(-5))/(a/(-80)). Calculate the highest common factor of c and p.
4
Let k(a) = -a**3 - 4*a**2 + 4*a + 6. Let d be k(-5). Let p = 101 - 24. What is the greatest common divisor of d and p?
11
Let n(i) = -i**2 - 13*i - 7. Let x be n(-11). Suppose 4*g - 26 = 2*m, -3*g + 0*m + x = 3*m. Calculate the highest common divisor of 15 and g.
3
Let q(z) be the first derivative of 1/4*z**4 - 3 - 8*z + 7/3*z**3 + 3/2*z**2. Let l be q(-6). What is the highest common divisor of 4 and l?
2
Let x be (-520)/(-15) - (-2)/6. What is the greatest common factor of x and 7?
7
Suppose -2 = b + 5*q, -2*b - 2*q + 41 = -7*q. What is the greatest common factor of b and 156?
13
Let d(h) = -35*h - 4. Let y be d(-2). Calculate the highest common divisor of y and 6.
6
Let w = 10 - 5. What is the greatest common factor of w and 35?
5
Suppose -135 + 150 = 3*j. What is the highest common factor of 25 and j?
5
Suppose -15*x + 11*x + 168 = 0. Suppose 0*q = 2*q. Suppose -b + 6 + 0 = q. What is the greatest common factor of x and b?
6
Let o(n) be the second derivative of n**5/20 + n**4/4 - n**3/2 - 3*n**2/2 + 2*n. Let i be o(-3). What is the greatest common factor of i and 6?
6
Let k = 1 - -3. Suppose -11 = -k*o + 13. Calculate the greatest common factor of 6 and o.
6
Let g = 2 + 0. Let z be 16 + g*-1 + 1. Let a = -8 + z. Calculate the highest common divisor of a and 56.
7
Let n = -56 + 147. What is the highest common factor of 13 and n?
13
Let x(m) = 2*m**2 - 32*m + 26. Let a be x(19). Calculate the greatest common factor of 56 and a.
28
Let k(w) = -w. Let t be k(8). Let u(x) = -x**3 - 8*x**2 - 3*x - 12. Let m be u(t). Let q = 160 + -52. Calculate the highest common factor of m and q.
12
Suppose -d + r = -0*d - 1, -2*d + 4*r + 12 = 0. Let q be 30/d*(-260)/30. Calculate the highest common divisor of 13 and q.
13
Let l(w) = w**3 - 11*w**2 + 2*w - 4. Let v be l(11). Calculate the highest common divisor of 27 and v.
9
Suppose -t + 5*a = -6*t + 45, 2*a + 52 = 3*t. Let q(f) = 14*f - 147. Let m be q(13). What is the highest common divisor of m and t?
7
Suppose -3*y = y + 32. Let o = -3 + 7. Let x = o - y. Calculate the highest common divisor of x and 36.
12
Let i(g) = 5*g**2 - 6*g + 12. Let u be i(3). Calculate the highest common divisor of 13 and u.
13
Suppose -72 = -3*j + 36. What is the greatest common divisor of 24 and j?
12
Suppose 0*r - 8 = -4*r. What is the greatest common factor of r and 4?
2
Suppose 6*v - 81 = 3*v - 3*q, -3*q = -3*v + 63. Let s(l) = l + 25. Let c be s(0). Suppose -1 = 2*k - c. What is the highest common divisor of v and k?
12
Suppose -3*o = 4*d - 0*o - 12, -2*d + o = -6. Suppose -d*g = -12 - 120. Let k be 0 - (-12 - -1*1). Calculate the highest common divisor of k and g.
11
Let p be (6/(-2))/(-3)*-15. Let z = p + 23. What is the highest common divisor of 32 and z?
8
Let s be 77/3 - (-10)/(-6). Calculate the greatest common factor of s and 30.
6
Suppose 9*s = 6*s + 51. What is the highest common divisor of 153 and s?
17
Suppose -22 = -5*t + 4*x - x, 0 = -2*x - 8. Let m = -13 - -11. Let c(w) = -6*w - 7. Let n be c(m). What is the greatest common divisor of t and n?
1
Suppose -3*h + 85 = -1163. Suppose n = 5*n - h. Calculate the greatest common factor of 26 and n.
26
Suppose 4*q = -3*l + 221 + 127, q = l - 109. Suppose 0 = -n - 32 + l. Calculate the highest common factor of n and 32.
16
Let m be (0 - 4)/((-2)/27). Calculate the highest common divisor of m and 6.
6
Let n be 58/5 - 16/(-40). Suppose -5*w + 77 + 103 = 0. Calculate the greatest common divisor of n and w.
12
Let c be 150/4*(5 + (-20)/12). What is the highest common divisor of 50 and c?
25
Let z = 0 - -3. Calculate the greatest common factor of z and 24.
3
Suppose 31 = 3*a - 89. Calculate the highest common divisor of a and 280.
40
Suppose -81*q + 80*q + 176 = 0. Calculate the highest common divisor of 22 and q.
22
Suppose 9*u - 69 = 4*u - 2*l, -5*u = -4*l - 57. Suppose -w + 25 = -0*w. Let o = w - u. Calculate the highest common factor of 132 and o.
12
Suppose q - 2*h + 2 = h, -4*q = 3*h - 52. What is the greatest common factor of 40 and q?
10
Let i(f) = 18*f - 53. Let s be i(4). Suppose 0*o - 4*o + 684 = 0. Calculate the highest common divisor of s and o.
19
Let a = -41 + 91. What is the highest common divisor of a and 30?
10
Let f = -276 - -460. Calculate the greatest common factor of 23 and f.
23
Suppose 2*b + 2*a - 72 = 0, -9 + 1 = -2*a. Calculate the highest common divisor of 8 and b.
8
Suppose 5*l = 2*v - 0*v - 29, 3*l - 3 = 0. Let a(o) = 7*o**2 + 1 + 8*o**2 - o**2 + 70*o**2. Let n be a(-1). What is the greatest common factor of n and v?
17
Let o(k) = -k**3 + 4*k**2 - 3*k + 3. Let a be o(3). Suppose a*x = -0*x + 147. Let v be ((-7)/(-2))/((-3)/(-6)). Calculate the highest common factor of x and v.
7
Let s(l) = -15*l + 3. Let c be s(-2). What is the highest common factor of 22 and c?
11
Let i = -40 + 69. Suppose 7*o + 4 = 6*o. Let x = o + i. What is the greatest common divisor of x and 5?
5
Suppose 0*r - 5*r + 110 = 0. Suppose -3*i = 2*d - r, 5*i - 10 - 30 = -5*d. Suppose 0 = -103*u + 106*u - 6. Calculate the greatest common divisor of u and i.
2
Let p be 2/(0 + 4)*170. Let h(a) = -2*a + 5. Let n be h(-10). Let s = 59 - n. What is the highest common factor of p and s?
17
Let n be 10*(-2)/4*-2. Let i(q) = q**2 + 3*q - 3. Let b be i(-6). What is the highest common factor of b and n?
5
Suppose 0 = d - 0*d - 70. Suppose -48 = -a + 4*w - 0*w, 0 = -4*w - 20. What is the greatest common divisor of d and a?
14
Let k(o) = o**2 - 2*o - 5. Let u be k(5). Let i = -4 + 19. What is the highest common divisor of i and u?
5
Let p be (-30)/(-9)*(-96)/(-10). Suppose -a - 2*a + 2*r + p = 0, -2*r + 4 = 0. Let l be 6 - (2 - (2 + 2)). Calculate the highest common divisor of a and l.
4
Let o be (38 + 4)*((-2)/(-1))/4. Calculate the highest common factor of 105 and o.
21
Let q = -204 + 376. Calculate the greatest common factor of 43 and q.
43
Suppose -15 = i - 4*i. Let y = i + -3. Suppose -5*k + 0*l = y*l - 750, l + 765 = 5*k. What is the greatest common divisor of k and 19?
19
Let p be (21/(-9) - -3)*27. Calculate the highest common divisor of 9 and p.
9
Suppose -204 = -2*k - 2*k. Let t = -31 + k. What is t